mber?
False
Is 261451 composite?
False
Is 130927 a composite number?
False
Is 8263 a prime number?
True
Is 5663 composite?
True
Is 38509 composite?
True
Is 5221 composite?
True
Is 68803 a prime number?
False
Is 83515 a composite number?
True
Is 885857 prime?
False
Is 4558627 a composite number?
False
Is 91009 a prime number?
True
Is 338917 prime?
False
Is 2777 composite?
False
Is 89129 a prime number?
False
Is 513809 composite?
True
Is 576995 composite?
True
Is 232031 a composite number?
True
Is 5981 prime?
True
Is 496949 a prime number?
True
Is 4621 composite?
False
Is 38463 prime?
False
Is 40063 a prime number?
True
Is 19121 a prime number?
True
Is 9649 prime?
True
Is 487 a prime number?
True
Is 95705 composite?
True
Is 322319 a composite number?
False
Is 85433 a prime number?
False
Is 144407 composite?
False
Is 788641 a composite number?
True
Is 10669 composite?
True
Is 15233 composite?
False
Is 631 a prime number?
True
Is 5779 a composite number?
False
Is 14743 a prime number?
False
Is 7369 composite?
False
Is 34411 a prime number?
False
Is 670897 prime?
True
Is 811529 prime?
False
Is 210277 prime?
True
Is 8777 composite?
True
Is 24995 a prime number?
False
Is 1111 a prime number?
False
Is 656783 prime?
True
Is 53931 a composite number?
True
Is 414077 composite?
False
Is 3821 a composite number?
False
Is 48383 a composite number?
False
Is 51941 prime?
True
Is 18119 composite?
False
Is 15511 composite?
False
Is 13781 a prime number?
True
Is 6433 a prime number?
False
Is 27329 composite?
False
Is 44881 prime?
False
Is 298145 a prime number?
False
Is 12569 prime?
True
Is 20877 prime?
False
Is 94901 composite?
True
Is 191063 composite?
True
Is 26371 a composite number?
False
Is 1327991 a prime number?
False
Is 3839 a prime number?
False
Is 4547 prime?
True
Is 3761 a prime number?
True
Is 65371 a composite number?
False
Is 451277 a prime number?
True
Is 39007 prime?
False
Is 466217 a composite number?
True
Is 12071 a composite number?
False
Is 229459 prime?
True
Is 10723 a composite number?
False
Is 6947 prime?
True
Is 25151 a composite number?
True
Is 2029063 a composite number?
False
Is 3491 composite?
False
Is 452206 a prime number?
False
Is 27397 prime?
True
Is 76117 a prime number?
False
Is 3559187 prime?
False
Is 28531 prime?
False
Is 319 a composite number?
True
Is 9337 prime?
True
Is 8641 composite?
False
Is 761537 a composite number?
True
Is 42589 a prime number?
True
Is 281507 a composite number?
True
Is 11821 a prime number?
True
Is 92797 a prime number?
False
Is 1524023 a prime number?
True
Is 224635 a composite number?
True
Is 8491 a composite number?
True
Is 78289 prime?
False
Is 247529 prime?
True
Is 52361 a prime number?
True
Is 5897 a composite number?
False
Is 1318241 composite?
False
Is 1991 prime?
False
Is 86511 prime?
False
Is 287437 a composite number?
False
Is 55851 a prime number?
False
Is 4499 a composite number?
True
Is 1372601 a prime number?
False
Is 153413 a prime number?
False
Is 18509 a prime number?
False
Is 673 a composite number?
False
Is 107693 a composite number?
False
Is 654697 composite?
False
Is 119653 a prime number?
True
Is 710009 a composite number?
False
Is 219737 prime?
False
Is 11463 a composite number?
True
Is 417257 composite?
True
Is 27223 prime?
False
Is 2521 a prime number?
True
Is 4645 prime?
False
Is 1741517 composite?
False
Is 151027 composite?
False
Is 272131 composite?
False
Is 160601 prime?
False
Is 1643183 a composite number?
True
Is 55373 a prime number?
True
Is 700057 prime?
True
Is 15783 a prime number?
False
Is 15697 a prime number?
False
Is 21419 prime?
True
Is 4079 prime?
True
Is 653641 a composite number?
False
Is 124463 a composite number?
True
Is 516757 a prime number?
True
Is 9961 a composite number?
True
Is 511463 a prime number?
True
Is 2252113 a composite number?
False
Is 12659 a composite number?
False
Is 4727 prime?
False
Is 7968523 composite?
False
Is 306121 a composite number?
False
Is 1113089 prime?
True
Is 18087 a composite number?
True
Is 10667 composite?
False
Is 16495 a composite number?
True
Is 237011 a prime number?
True
Is 4857 a composite number?
True
Is 536423 prime?
True
Is 16634 a prime number?
False
Is 983 a composite number?
False
Is 146399 composite?
True
Is 52627 prime?
True
Is 353363 a composite number?
True
Is 30499 prime?
False
Is 25831 composite?
True
Is 21731 composite?
True
Is 121129 composite?
True
Is 5627 a prime number?
False
Is 56159 a prime number?
False
Is 910229 a prime number?
True
Is 919979 a prime number?
True
Is 65227 a prime number?
False
Is 1477373 prime?
False
Is 3691 composite?
False
Is 10223 composite?
False
Is 198013 composite?
False
Is 7193 a composite number?
False
Is 81271 a prime number?
False
Is 10481 a composite number?
True
Is 308023 composite?
True
Is 16949 composite?
True
Is 672557 a prime number?
True
Is 94993 composite?
False
Is 6347 a prime number?
False
Is 691 composite?
False
Is 23227 composite?
False
Is 974 prime?
False
Is 81407 a prime number?
False
Is 3859 a prime number?
False
Is 923 a composite number?
True
Is 1921 a composite number?
True
Is 5669 prime?
True
Is 591827 a composite number?
False
Is 10111 a prime number?
True
Is 2394109 a composite number?
False
Is 50017 prime?
False
Is 85231 prime?
False
Is 519217 composite?
False
Is 17002 a composite number?
True
Is 2939 composite?
False
Is 14305 prime?
False
Is 265 a composite number?
True
Is 1637 a prime number?
True
Is 9511 prime?
True
Is 51629 a prime number?
False
Is 512129 a prime number?
False
Is 371395 prime?
False
Is 835687 prime?
True
Is 41443 a composite number?
False
Is 511757 a composite number?
False
Is 8209 a composite number?
False
Is 2333 prime?
True
Is 2615761 prime?
True
Is 4507 composite?
False
Is 89779 prime?
True
Is 109297 a composite number?
False
Is 18013 prime?
True
Is 87487 a prime number?
False
Is 18013 prime?
True
Is 1361 prime?
True
Is 49331 composite?
False
Is 59467 a prime number?
True
Is 139361 a prime number?
True
Is 1768967 a prime number?
True
Is 24029 prime?
True
Is 2767 composite?
False
Is 423287 a composite number?
False
Is 122557 a prime number?
True
Is 2531099 prime?
True
Is 346343 a composite number?
True
Is 223 a prime number?
True
Is 14369 a composite number?
False
Is 104491 prime?
True
Is 232003 a composite number?
False
Is 97283 a composite number?
False
Is 4438639 a composite number?
False
Is 191441 a composite number?
False
Is 179623 composite?
False
Is 6694711 a prime number?
True
Is 68857 a prime number?
False
Is 556147 a composite number?
True
Is 3761 a prime number?
True
Is 103001 prime?
True
Is 17159 a prime number?
True
Is 211301 a composite number?
True
Is 87369 a composite number?
True
Is 18623 composite?
True
Is 10771 a prime number?
True
Is 1211 a prime number?
False
Is 191589 prime?
False
Is 28957 a prime number?
False
Is 867719 composite?
False
Is 4987 a prime number?
True
Is 775673 composite?
True
Is 5773 composite?
True
Is 999599 prime?
True
Is 7817 a composite number?
False
Is 5711 a prime number?
True
Is 752351 composite?
False
Is 1899201 a composite number?
True
Is 613699 composite?
False
Is 27505 prime?
False
Is 1823 a composite number?
False
Is 70865 prime?
False
Is 54953 prime?
False
Is 554639 a prime number?
True
Is 285599 a composite number?
False
Is 29453 a prime number?
True
Is 245785 a prime number?
False
Is 37099 a composite number?
True
Is 104941 composite?
True
Is 989 composite?
True
Is 1422851 a prime number?
False
Is 168067 composite?
False
Is 3821 composite?
False
Is 2302 prime?
False
Is 3935 a prime number?
False
Is 13553 a composite number?
False
Is 5557 a composite number?
False
Is 11698 prime?
False
Is 12227 a composite number?
False
Is 30913 a prime number?
False
Is 773821 a prime number?
True
Is 2767 prime?
True
Is 715411 a prime number?
False
Is 32831 prime?
True
Is 28643 a prime number?
True
Is 31159 a prime number?
True
Is 1864331 a prime number?
False
Is 818659 a composite number?
False
Is 16097 a composite number?
False
Is 386471 prime?
True
Is 14971 prime?
False
Is 631 a composite number?
False
Is 47198 prime?
False
Is 4117 a composite number?
True
Is 31307 composite?
False
Is 8081 a prime number?
True
Is 271829 prime?
True
Is 39553 composite?
True
Is 8887 a prime number?